 211 composite?
False
Is 161765 a prime number?
False
Is 313267 prime?
True
Is 138449 composite?
False
Is 31301 composite?
True
Is 1973 a prime number?
True
Is 38149 composite?
False
Is 20413 a composite number?
True
Is 223 composite?
False
Is 67033 prime?
True
Is 1972157 a prime number?
False
Is 462851 composite?
False
Is 44351 a composite number?
False
Is 14621 a composite number?
False
Is 2149 composite?
True
Is 18807 prime?
False
Is 1084297 a prime number?
True
Is 33127 prime?
False
Is 6671 a prime number?
False
Is 41614 a prime number?
False
Is 3130087 a prime number?
True
Is 316679 prime?
False
Is 151159 prime?
False
Is 14081 a composite number?
False
Is 1065821 a prime number?
True
Is 366397 a prime number?
True
Is 172483 composite?
True
Is 47758 prime?
False
Is 159977 a prime number?
True
Is 58085 composite?
True
Is 5344973 composite?
False
Is 183151 composite?
False
Is 22409 prime?
True
Is 2137882 prime?
False
Is 63113 composite?
False
Is 79469 composite?
True
Is 36551 prime?
True
Is 24197 prime?
True
Is 122891 composite?
False
Is 106781 a composite number?
False
Is 36577 composite?
True
Is 32467 composite?
False
Is 5824453 a composite number?
False
Is 110807 a prime number?
True
Is 256747 a composite number?
True
Is 301 a composite number?
True
Is 26021 a composite number?
False
Is 21701 a composite number?
False
Is 6639 composite?
True
Is 1471 composite?
False
Is 76207 composite?
False
Is 223723 prime?
False
Is 21887 composite?
True
Is 38501 prime?
True
Is 1424102 composite?
True
Is 207671 prime?
True
Is 3163 a prime number?
True
Is 28195 a prime number?
False
Is 21485 prime?
False
Is 1658039 a prime number?
True
Is 2625005 a composite number?
True
Is 103297 a prime number?
False
Is 1385 a composite number?
True
Is 12877 a prime number?
False
Is 4073 composite?
False
Is 84263 prime?
True
Is 11599 composite?
True
Is 7669 composite?
False
Is 11959 prime?
True
Is 6433 a composite number?
True
Is 797 a prime number?
True
Is 116201 a composite number?
False
Is 150409 a composite number?
True
Is 777577 prime?
False
Is 29071 a composite number?
True
Is 1780838 a composite number?
True
Is 15349 a prime number?
True
Is 447439 prime?
True
Is 5629 a composite number?
True
Is 3088009 composite?
False
Is 3695083 composite?
True
Is 164807 a composite number?
True
Is 3895655 prime?
False
Is 4481 a composite number?
False
Is 10189 prime?
False
Is 111091 prime?
True
Is 17371 a prime number?
False
Is 1523 prime?
True
Is 70481 composite?
False
Is 17269 a prime number?
False
Is 1181 a prime number?
True
Is 34735 prime?
False
Is 1151 a composite number?
False
Is 50497 a composite number?
False
Is 9900047 prime?
True
Is 239831 composite?
False
Is 324251 a prime number?
True
Is 529577 prime?
True
Is 16127 prime?
True
Is 151799 a composite number?
False
Is 30377 a composite number?
True
Is 116849 a prime number?
True
Is 3903 prime?
False
Is 59347 prime?
False
Is 12057 composite?
True
Is 675643 composite?
False
Is 287921 a prime number?
True
Is 3808667 a prime number?
True
Is 43957 a composite number?
True
Is 7169 composite?
True
Is 22271 a prime number?
True
Is 1196471 prime?
True
Is 253 a composite number?
True
Is 49363 composite?
False
Is 253259 prime?
False
Is 287171 composite?
True
Is 148763 a prime number?
True
Is 34781 a prime number?
True
Is 78971 a composite number?
True
Is 90821 a prime number?
True
Is 346039 a composite number?
False
Is 120823 a prime number?
True
Is 3095427 a composite number?
True
Is 12494 composite?
True
Is 464843 a composite number?
False
Is 31127 a composite number?
True
Is 1637 composite?
False
Is 267017 a prime number?
True
Is 17779 prime?
False
Is 151909 a composite number?
False
Is 279817 a composite number?
False
Is 17087 a prime number?
False
Is 1834343 a prime number?
False
Is 16838 prime?
False
Is 605789 prime?
True
Is 726413 prime?
True
Is 375961 a composite number?
True
Is 29901 prime?
False
Is 158107 a prime number?
False
Is 129937 composite?
False
Is 107794 a composite number?
True
Is 14089 a composite number?
True
Is 42587 a composite number?
True
Is 7433 a composite number?
False
Is 34057 a composite number?
False
Is 68131 composite?
True
Is 247081 a prime number?
False
Is 267395 a prime number?
False
Is 68179 prime?
False
Is 401189 a composite number?
True
Is 149749 a prime number?
True
Is 902033 composite?
True
Is 30403 a composite number?
False
Is 21635 a composite number?
True
Is 3299 a composite number?
False
Is 6349 a prime number?
False
Is 6623 prime?
False
Is 81509 composite?
False
Is 8665 a prime number?
False
Is 18237 composite?
True
Is 546503 composite?
True
Is 5381 prime?
True
Is 183269 a composite number?
True
Is 70639 a prime number?
True
Is 193757 composite?
False
Is 21583 composite?
True
Is 139361 a prime number?
True
Is 39709 a prime number?
True
Is 1417051 prime?
True
Is 31177 prime?
True
Is 9563 prime?
False
Is 676337 composite?
False
Is 1111 a prime number?
False
Is 17527 composite?
True
Is 1115781 composite?
True
Is 4385 a composite number?
True
Is 129329 a prime number?
False
Is 4197 prime?
False
Is 23957 a composite number?
False
Is 3847 prime?
True
Is 10078 prime?
False
Is 2237019 prime?
False
Is 29663 prime?
True
Is 1291 a prime number?
True
Is 220973 composite?
False
Is 2333 a composite number?
False
Is 12937 composite?
True
Is 2159 a prime number?
False
Is 32041 composite?
True
Is 355 composite?
True
Is 252449 prime?
True
Is 8209 prime?
True
Is 3286343 a prime number?
False
Is 22613 prime?
True
Is 15185 prime?
False
Is 1727 a composite number?
True
Is 95423 prime?
False
Is 405659 composite?
False
Is 214883 prime?
True
Is 340229 prime?
False
Is 122963 a composite number?
False
Is 1714387 composite?
False
Is 7817 prime?
True
Is 701 composite?
False
Is 45943 a prime number?
True
Is 148991 composite?
False
Is 533999 a composite number?
False
Is 48071 composite?
True
Is 370463 prime?
True
Is 39722 a composite number?
True
Is 3989 composite?
False
Is 2629 a composite number?
True
Is 44747 a prime number?
False
Is 35051 a prime number?
True
Is 121109 a composite number?
True
Is 53773 composite?
False
Is 42913 prime?
False
Is 46259 composite?
True
Is 26083 composite?
False
Is 304763 composite?
False
Is 9409 prime?
False
Is 86069 composite?
False
Is 64549 a prime number?
False
Is 643677 prime?
False
Is 9442 composite?
True
Is 240131 a composite number?
False
Is 553123 a composite number?
False
Is 620159 a composite number?
False
Is 111647 a prime number?
False
Is 10029 a prime number?
False
Is 1331179 a prime number?
False
Is 9991 prime?
False
Is 419 prime?
True
Is 11283 a composite number?
True
Is 1081 composite?
True
Is 148229 prime?
True
Is 1147 a composite number?
True
Is 521 a prime number?
True
Is 546847 a composite number?
True
Is 257611 a prime number?
True
Is 471467 prime?
True
Is 16853 a composite number?
True
Is 1074139 composite?
True
Is 4327 composite?
False
Is 93127 composite?
True
Is 76333 a composite number?
False
Is 2661 a prime number?
False
Is 7753 composite?
False
Is 206897 composite?
False
Is 435331 a composite number?
True
Is 4304193 a composite number?
True
Is 51539 prime?
True
Is 7393 composite?
False
Is 238201 a prime number?
True
Is 8747 prime?
True
Is 1242013 prime?
False
Is 100379 a composite number?
False
Is 91229 a composite number?
False
Is 4741 a prime number?
False
Is 1043 composite?
True
Is 70197 prime?
False
Is 8539747 a prime number?
True
Is 516139 prime?
False
Is 98711 composite?
False
Is 34582 a prime number?
False
Is 21191 prime?
True
Is 5839 prime?
True
Is 10077 a prime number?
False
Is 159089 prime?
False
Is 484283 prime?
True
Is 22873 a prime number?
False
Is 10102 a prime number?
False
Is 364393 composite?
False
Is 1700461 prime?
False
Is 258953 prime?
False
Is 419 a prime number?
True
Is 22049 a composite number?
True
Is 308887 a prime number?
True
Is 374603 a composite number?
False
Is 2291 composite?
True
Is 827993 prime?
False
Is 293371 prime?
False
Is 2326751 a prime number?
False
Is 3631 prime?
True
Is 2215 a prime number?
False
Is 87886 a composite number?
True
Is 58657 a composite number?
False
Is 2785 a composite number?
True
Is 55617 prime?
False
Is 147835 a composite number?
True
Is 9609 a prime number?
False
Is 17401 a composite numbe